--
-- Host: localhost    Database: dictionaries
-- ------------------------------------------------------

--
-- Dumping data for table `abnormalquantity1`
--


--
-- Dumping data for table `abnormalquantity2`
--


--
-- Dumping data for table `accountmask1`
--


--
-- Dumping data for table `accountmask2`
--


--
-- Dumping data for table `accumulatesprices1`
--


--
-- Dumping data for table `accumulatesprices2`
--


--
-- Dumping data for table `actionpanel1`
--

REPLACE INTO `actionpanel1` (`actionpanelcode`, `context`, `page`, `rowcount`, `columncount`) VALUES (1,6,1,6,4),(2,7,1,5,2),(3,8,1,5,2),(4,9,1,5,2),(5,17,1,3,6),(6,6,2,1,6),(7,6,3,1,6);

--
-- Dumping data for table `actionpanel2`
--


--
-- Dumping data for table `actionpanelitem1`
--

REPLACE INTO `actionpanelitem1` (`actionpanelitemcode`, `actionpanelcode`, `actioncode`, `row`, `column`, `rowspan`, `columnspan`, `color`, `name`) VALUES (1,1,3,2,1,1,1,NULL,'Блок'),(4,1,226,1,2,1,1,NULL,'Информация по сертификату'),(5,1,16,3,4,1,1,NULL,'Сторно чека'),(6,1,197,6,1,1,1,NULL,'Средний пакет'),(9,1,246,4,1,1,2,NULL,'Каталог'),(10,1,34,1,4,1,1,NULL,'Кастомное действие'),(12,1,113,1,3,1,1,NULL,NULL),(16,1,101,5,3,2,2,NULL,'Подытог'),(17,2,227,2,2,2,1,NULL,'Назад'),(23,3,227,3,2,1,1,NULL,'Назад'),(25,3,291,4,2,2,1,NULL,'Закрыть чек без печати'),(28,4,23,2,1,2,1,NULL,'Печать копии чека'),(31,4,227,4,2,2,1,NULL,'Продолжить'),(32,1,228,4,3,1,2,NULL,'Поиск'),(33,5,35,1,6,3,1,NULL,'Закрыть'),(34,5,2,3,1,1,1,NULL,NULL),(35,5,15,1,1,1,1,NULL,NULL),(36,5,16,2,1,1,1,NULL,NULL),(37,5,9,3,2,1,1,NULL,NULL),(38,5,112,1,3,1,1,NULL,NULL),(39,5,29,2,3,1,1,NULL,NULL),(40,5,192,3,3,1,1,NULL,NULL),(41,5,113,1,4,1,1,NULL,NULL),(42,5,194,2,4,1,1,NULL,NULL),(43,5,99,1,5,2,1,NULL,NULL),(44,5,22,2,2,1,1,NULL,NULL),(45,5,197,1,2,1,1,NULL,NULL),(46,6,50,1,2,1,1,NULL,NULL),(47,6,103,1,3,1,1,NULL,NULL),(48,6,25,1,4,1,1,NULL,'Инфо о карте'),(49,1,50,5,1,1,2,NULL,'Карта'),(50,6,252,1,1,1,1,NULL,'Назад'),(51,7,252,1,1,1,1,NULL,'Назад'),(52,7,116,1,2,1,1,NULL,'Отложить чек'),(53,7,117,1,3,1,1,NULL,'Восстановить чек'),(54,7,235,1,4,1,1,NULL,'Просмотр отложенных чеков'),(55,1,106,3,3,1,1,NULL,'Возврат по чеку'),(56,1,285,6,2,1,1,NULL,'Большой пакет'),(57,1,9,3,1,1,1,NULL,'Кол-во'),(58,1,22,3,2,1,1,NULL,'Вес'),(59,1,284,2,4,1,1,NULL,'Чек'),(60,1,265,1,1,1,1,NULL,'Купон'),(61,2,288,1,1,1,1,NULL,'Оплата по QR'),(62,2,287,2,1,1,1,NULL,'СберБанк'),(63,2,287,3,1,1,1,NULL,'Сертификат'),(64,2,286,4,1,2,1,NULL,'Российский рубль'),(65,2,287,4,2,2,1,NULL,'Терминал'),(66,3,35,4,1,2,1,NULL,'Закрыть чек и выслать на почту'),(67,3,290,2,1,2,1,NULL,'Закрыть чек и распечатать'),(68,3,204,2,2,1,1,NULL,'Отчет по бонусам'),(69,4,271,2,2,2,1,NULL,'Печать последнего фискального документа'),(70,4,24,4,1,2,1,NULL,'Печать товарного чека'),(71,1,242,2,3,1,1,NULL,'Софт-чек'),(72,1,25,2,2,1,1,NULL,'Информация о карте');

--
-- Dumping data for table `actionpanelitem2`
--


--
-- Dumping data for table `actionparameter1`
--

REPLACE INTO `actionparameter1` (`actionparametercode`, `parameterorder`, `parametervalue`, `cmactioncode`, `parametername`) VALUES (1,1,'1',1,'menucode'),(3,1,'3',19,'department'),(10,1,'6',55,NULL),(14,1,'10',60,'menucode'),(15,1,'frdoc://frxreport/lll',62,'url'),(16,1,'frdoc://frzreport?kkm=all',63,'url'),(18,1,'frdoc://frdeptreport?kkm=selected&mode=single',64,'url'),(19,1,'report://xreport?out=print&shift=selected',65,'url'),(21,1,'1',68,'macrocode'),(23,1,'report://zreport?out=print',74,'url'),(24,1,'report://deptreport?out=print&shift=selected',75,'url'),(25,1,'report://streport?out=print&shift=selected',76,'url'),(26,1,'report://streport?out=print&shift=current',77,'url'),(27,1,'shell:////bin/bash%20/linuxcash/cash/bin/oncloseshift.sh',78,'url'),(28,1,'shell:////linuxcash/cash/sync/scripts/unloadSales.sh &',49,'url'),(39,1,'shell:////linuxcash/cash/exchangesystems/exchangers/scripts/cash/unload_sales.sh?shift=current&document=none#%20-o%20-s%20%(shift.num[d])@%(shift.num[d])%20-c%202',121,'url'),(50,1,'shell:////linuxcash/cash/exchangesystems/exchangers/scripts/cash/unload_sales.sh?shift=selected&document=none#%20-s%20%(shift.num[d])@%(shift.num[d])%20-c%202',131,'url'),(53,2,'1,4',76,'roles'),(56,2,'1,4',65,'roles'),(57,2,'1,4',75,'roles'),(58,2,'1,4',121,'roles'),(60,2,'1,4',64,'roles'),(61,2,'1,4',74,'roles'),(62,2,'1,4',63,'roles'),(63,2,'1,4',77,'roles'),(64,2,'1,4',231,'roles'),(65,2,'1,4',62,'roles'),(66,2,'1,4',131,'roles'),(67,1,'shell:////linuxcash/cash/sync/scripts/unloadSales.sh?shift=current&document=none#%20-s%20%(shift.num[d])@%(shift.num[d])%20-c%202',133,'url'),(68,2,'1,4',133,'roles'),(69,1,'13',182,NULL),(70,1,'14',183,NULL),(71,1,'15',185,NULL),(72,1,'1',92,'button'),(73,1,'http://localhost/',196,'url'),(74,2,'false',196,'showCursor'),(75,1,'1',197,'hotKeyCode'),(76,1,'3',198,'valut'),(77,1,'16',199,NULL),(78,2,'1,4',204,'roles'),(79,1,'report://bonusreport?out=print&shift=selected',204,'url'),(80,1,'17',210,NULL),(89,1,'frdoc://frvatreport',222,'url'),(90,2,'1,4',222,'roles'),(91,1,'report://cashier?out=print&shift=selected&kkm=selected',231,'url'),(92,1,'0',244,'department'),(93,1,'excise',245,'type'),(96,1,'last',95,'mode'),(99,2,'true',197,'showEmptyLines'),(100,1,'sst-sco',269,'type'),(101,1,'frdoc://frlastfndocument',271,'url'),(102,2,'1,4',271,'roles'),(103,1,'2',184,'valutcode'),(104,2,'1',9,'mode'),(105,1,'1',10,'mode'),(106,1,'1',246,'multilevel'),(107,1,'active',276,'status'),(112,1,'3',79,'valutcode'),(115,3,'true',133,'showProgress'),(121,1,'2',283,'page'),(122,1,'3',284,'page'),(123,1,'2',285,'hotKeyCode'),(124,1,'1',286,'valCode'),(125,1,'3',287,'valCode'),(126,1,'4',288,'valCode'),(127,1,'18',289,NULL),(129,1,'print',290,'printCheck'),(130,1,'notprint',291,'printCheck');

--
-- Dumping data for table `actionparameter2`
--


--
-- Dumping data for table `agent1`
--


--
-- Dumping data for table `agent2`
--


--
-- Dumping data for table `agerestrict1`
--


--
-- Dumping data for table `agerestrict2`
--


--
-- Dumping data for table `alcocode1`
--


--
-- Dumping data for table `alcocode2`
--


--
-- Dumping data for table `alcoset1`
--

REPLACE INTO `alcoset1` (`alcosetbarcode`, `code`, `barcode`, `price`, `taracapacity`, `quant`) VALUES ('2280481231231','1','1',2900.00,0.700,NULL),('2280481231231','2','2',500.00,0.500,NULL);

--
-- Dumping data for table `alcoset2`
--


--
-- Dumping data for table `aspect1`
--


--
-- Dumping data for table `aspect2`
--


--
-- Dumping data for table `aspectscheme1`
--

REPLACE INTO `aspectscheme1` (`aspectschemecode`, `aspectschemename`) VALUES (1,'Цвет');

--
-- Dumping data for table `aspectscheme2`
--


--
-- Dumping data for table `aspectvalue1`
--


--
-- Dumping data for table `aspectvalue2`
--


--
-- Dumping data for table `aspectvalueset1`
--

REPLACE INTO `aspectvalueset1` (`aspectvaluesetcode`, `cquant`, `price`, `tmc_code`, `aspectschemecode`, `measure`, `remain`, `name`, `remaindate`, `packingprice`, `productsectioncode`) VALUES (1,NULL,50.00,NULL,1,NULL,20.000,'Красный',NULL,10.00,NULL),(2,NULL,60.00,NULL,1,NULL,15.000,'Синий',NULL,20.00,NULL),(3,NULL,70.00,NULL,1,NULL,10.000,'Черный',NULL,30.00,NULL);

--
-- Dumping data for table `aspectvalueset2`
--


--
-- Dumping data for table `aspectvaluesetvalues1`
--


--
-- Dumping data for table `aspectvaluesetvalues2`
--


--
-- Dumping data for table `backreason1`
--

REPLACE INTO `backreason1` (`code`, `reason`, `doctype`) VALUES (1,'Причина возврата 1',NULL),(2,'Причина возврата 2',NULL);

--
-- Dumping data for table `backreason2`
--


--
-- Dumping data for table `barcodes1`
--

REPLACE INTO `barcodes1` (`code`, `barcode`, `name`, `price`, `cquant`, `measure`, `aspectvaluesetcode`, `quantdefault`, `packingmeasure`, `packingprice`, `minprice`, `minretailprice`, `customsdeclarationnumber`, `tmctype`, `ntin`, `packagecode`) VALUES ('2013','10384136','Кроссовки STRUTTER CBLACK/CBLACK/GRESIX',NULL,NULL,NULL,NULL,NULL,NULL,NULL,NULL,NULL,NULL,4,NULL,NULL),('105','105','МОЛОЧНЫЙ ДЕСЕРТ ДАНОН ДАНИССИМО С ТВОРОЖНЫМ КРЕМОМ ЧЕРНИКА 130Г',24.90,1.000,1,NULL,NULL,NULL,NULL,NULL,NULL,NULL,7,NULL,NULL),('106','106','ВОДА МИНЕРАЛЬНАЯ BORJOMI',80.00,1.000,1,NULL,NULL,NULL,NULL,NULL,NULL,NULL,7,NULL,NULL),('2010','2010','Водка \"Absolut\" 40%,0.7 л',NULL,NULL,NULL,NULL,NULL,NULL,NULL,NULL,NULL,NULL,1,NULL,NULL),('2012','2012','СИГАРЕТЫ ВИНСТОН БЛЮ (WINSTON BLUE)',NULL,NULL,NULL,NULL,NULL,NULL,NULL,NULL,NULL,NULL,3,NULL,NULL),('2011','2280481231231','Коньяк Camus VS Elegance 0.7 л с 2 бокалами 0.7 л',NULL,NULL,NULL,NULL,NULL,NULL,NULL,NULL,NULL,NULL,NULL,NULL,NULL),('2016','2900003158303','Автошина зимняя, 205/55 R16 Bridgestone Blizzak VRX 91S',NULL,NULL,NULL,NULL,NULL,NULL,NULL,NULL,NULL,NULL,7,NULL,NULL),('102','4600605000984','МОЛОЧНЫЙ ДЕСЕРТ ДАНОН ДАНИССИМО С ТВОРОЖНЫМ КРЕМОМ ВИШНЯ 130Г',24.90,1.000,1,NULL,NULL,NULL,NULL,NULL,NULL,NULL,NULL,NULL,NULL),('105','4600605000991','МОЛОЧНЫЙ ДЕСЕРТ ДАНОН ДАНИССИМО С ТВОРОЖНЫМ КРЕМОМ ЧЕРНИКА 130Г',24.90,1.000,1,NULL,NULL,NULL,NULL,NULL,NULL,NULL,7,NULL,NULL),('100','4600605011560','ТВОРОГ ДАНОН ДАНИССИМО БРАВО ШОКОЛАД 135Г',26.50,1.000,1,NULL,NULL,NULL,NULL,NULL,NULL,NULL,NULL,NULL,NULL),('102','4600605012222','МОЛОЧНЫЙ ДЕСЕРТ ДАНОН ДАНИССИМО С ТВОРОЖНЫМ КРЕМОМ ВИШНЯ 130Г',24.90,1.000,1,NULL,NULL,NULL,NULL,NULL,NULL,NULL,NULL,NULL,NULL),('105','4600605012239','МОЛОЧНЫЙ ДЕСЕРТ ДАНОН ДАНИССИМО С ТВОРОЖНЫМ КРЕМОМ ЧЕРНИКА 130Г',24.90,1.000,1,NULL,NULL,NULL,NULL,NULL,NULL,NULL,7,NULL,NULL),('10770','4600605012802','ТВОРОЖНЫЙ ПРОДУКТ ДАНОН АКТИВИЯ МЮСЛИ 130Г',26.90,1.000,1,NULL,NULL,NULL,NULL,NULL,NULL,NULL,NULL,NULL,NULL),('10770','4600605014790','ТВОРОЖНЫЙ ПРОДУКТ ДАНОН АКТИВИЯ МЮСЛИ 130Г',26.90,1.000,1,NULL,NULL,NULL,NULL,NULL,NULL,NULL,NULL,NULL,NULL),('102','4600605017289','МОЛОЧНЫЙ ДЕСЕРТ ДАНОН ДАНИССИМО С ТВОРОЖНЫМ КРЕМОМ ВИШНЯ 130Г',24.90,1.000,1,NULL,NULL,NULL,NULL,NULL,NULL,NULL,NULL,NULL,NULL),('105','4600605017326','МОЛОЧНЫЙ ДЕСЕРТ ДАНОН ДАНИССИМО С ТВОРОЖНЫМ КРЕМОМ ЧЕРНИКА 130Г',24.90,1.000,1,NULL,NULL,NULL,NULL,NULL,NULL,NULL,7,NULL,NULL),('10071','4600702021288','Х/Т ОСВЕЖИТЕЛЬ ВОЗДУХА ФРОСТ МОРСКОЙ 300МЛ',47.90,1.000,1,NULL,NULL,NULL,NULL,NULL,NULL,NULL,NULL,NULL,NULL),('10071','4600702035988','Х/Т ОСВЕЖИТЕЛЬ ВОЗДУХА ФРОСТ МОРСКОЙ 300МЛ',47.90,1.000,1,NULL,NULL,NULL,NULL,NULL,NULL,NULL,NULL,NULL,NULL),('10071','4600702075434','Х/Т ОСВЕЖИТЕЛЬ ВОЗДУХА ФРОСТ МОРСКОЙ 300МЛ',47.90,1.000,1,NULL,NULL,NULL,NULL,NULL,NULL,NULL,NULL,NULL,NULL),('10071','4600702078961','Х/Т ОСВЕЖИТЕЛЬ ВОЗДУХА ФРОСТ МОРСКОЙ 300МЛ',47.90,1.000,1,NULL,NULL,NULL,NULL,NULL,NULL,NULL,NULL,NULL,NULL),('10517','4601313002291','МЫЛО/Т АБСОЛЮТ ОСВЕЖАЮЩЕЕ 90Г',14.20,1.000,1,NULL,NULL,NULL,NULL,NULL,NULL,NULL,NULL,NULL,NULL),('10241','4601339000769','ПРИПРАВА МАГГИ МАКАРОНОМАНИЯ БОЛОНЕЗ 30Г',21.90,1.000,1,NULL,NULL,NULL,NULL,NULL,NULL,NULL,NULL,NULL,NULL),('10984','4601339001193','ПРИПРАВА МАГГИ БУЛЬОН ЗОЛОТОЙ КУРИНЫЙ 10Г',2.50,1.000,1,NULL,NULL,NULL,NULL,NULL,NULL,NULL,NULL,NULL,NULL),('10984','4601339203177','ПРИПРАВА МАГГИ БУЛЬОН ЗОЛОТОЙ КУРИНЫЙ 10Г',2.50,1.000,1,NULL,NULL,NULL,NULL,NULL,NULL,NULL,NULL,NULL,NULL),('2014','4601669000675','Цитрамон П табл. №10',NULL,NULL,NULL,NULL,NULL,NULL,NULL,NULL,NULL,NULL,5,NULL,NULL),('11336','4601902000158','ДИАБЕТИКА ШОКОЛАД НА ФРУКТОЗЕ КЛАССИЧ. ГОРЬКИЙ 100Г',60.40,1.000,1,NULL,NULL,NULL,NULL,NULL,NULL,NULL,NULL,NULL,NULL),('11338','4601902000165','ДИАБЕТИКА ШОКОЛАД НА ФРУКТОЗЕ С ОРЕХОМ 100Г',60.40,1.000,1,NULL,NULL,NULL,NULL,NULL,NULL,NULL,NULL,NULL,NULL),('10396','4602745000244','КОНС.РЫБ.САРДИНЕЛЛА НДМ 230Г',23.90,1.000,1,NULL,NULL,NULL,NULL,NULL,NULL,NULL,NULL,NULL,NULL),('1067','4603673881189','ПРИПРАВА ПРИПРАВЫЧ ДЛЯ ПЕРВЫХ БЛЮД 15Г',6.50,1.000,1,NULL,NULL,NULL,NULL,NULL,NULL,NULL,NULL,NULL,NULL),('2015','4603732051706','Маска трехслойная на резинке 50 шт, черная',NULL,NULL,NULL,NULL,NULL,NULL,NULL,NULL,NULL,NULL,NULL,NULL,NULL),('46047014','46047014','ПРИПРАВА МАГГИ БУЛЬОН ЗОЛОТОЙ КУРИНЫЙ 10Г',2.50,1.000,1,NULL,NULL,NULL,NULL,NULL,NULL,NULL,NULL,NULL,NULL),('1070','4605246002267','ЧАЙ ПРИНЦЕССА КАНДИ ЦЕЙЛОНСКИЙ 25ПАК.',20.80,1.000,1,NULL,NULL,NULL,NULL,NULL,NULL,NULL,NULL,NULL,NULL),('1072','4605246003110','ЧАЙ ПРИНЦЕССА ГИТА 25ПАК. С/Я',17.70,1.000,1,NULL,NULL,NULL,NULL,NULL,NULL,NULL,NULL,NULL,NULL),('10396','4605270000116','КОНС.РЫБ.САРДИНЕЛЛА НДМ 230Г',23.90,1.000,1,NULL,NULL,NULL,NULL,NULL,NULL,NULL,NULL,NULL,NULL),('10396','4605270001076','КОНС.РЫБ.САРДИНЕЛЛА НДМ 230Г',23.90,1.000,1,NULL,NULL,NULL,NULL,NULL,NULL,NULL,NULL,NULL,NULL),('1034','4605421001061','СОК РИЧ ЯБЛОКО 1Л',70.90,1.000,1,NULL,NULL,NULL,NULL,NULL,NULL,NULL,NULL,NULL,NULL),('1031','4605421001078','СОК РИЧ ГРЕЙПФРУТ 1Л',80.60,1.000,1,NULL,NULL,NULL,NULL,NULL,NULL,NULL,NULL,NULL,NULL),('1037','4605421001085','НЕКТАР РИЧ МАНГО 1Л',70.90,1.000,1,NULL,NULL,NULL,NULL,NULL,NULL,NULL,NULL,NULL,NULL),('1029','4605421001146','СОК РИЧ АНАНАС 1Л',70.90,1.000,1,NULL,NULL,NULL,NULL,NULL,NULL,NULL,NULL,NULL,NULL),('10396','4605463000381','КОНС.РЫБ.САРДИНЕЛЛА НДМ 230Г',23.90,1.000,1,NULL,NULL,NULL,NULL,NULL,NULL,NULL,NULL,NULL,NULL),('1007','4605627000974','ЙОГУРТНЫЙ ПРОДУКТ КАМПИНА НЕЖНЫЙ АНАНАС 1.2% 100Г',5.90,1.000,1,NULL,NULL,NULL,NULL,NULL,NULL,NULL,NULL,NULL,NULL),('10119','4605966004671','КОСМ.БАЛЬЗАМ ДЛЯ ВОЛОС ГЛИС КУР ЖИДКИЙ ШЕЛК ДЛЯ ЛОМКИХ ВОЛОС 200МЛ',115.50,1.000,1,NULL,NULL,NULL,NULL,NULL,NULL,NULL,NULL,NULL,NULL),('10396','4606500872350','КОНС.РЫБ.САРДИНЕЛЛА НДМ 230Г',23.90,1.000,1,NULL,NULL,NULL,NULL,NULL,NULL,NULL,NULL,NULL,NULL),('10396','4607001160021','КОНС.РЫБ.САРДИНЕЛЛА НДМ 230Г',23.90,1.000,1,NULL,NULL,NULL,NULL,NULL,NULL,NULL,NULL,NULL,NULL),('10396','4607019905898','КОНС.РЫБ.САРДИНЕЛЛА НДМ 230Г',23.90,1.000,1,NULL,NULL,NULL,NULL,NULL,NULL,NULL,NULL,NULL,NULL),('11200','4607024080139','КРУПА МАРИЯ ФАСОЛЬ 700Г',47.90,1.000,1,NULL,NULL,NULL,NULL,NULL,NULL,NULL,NULL,NULL,NULL),('1094','4607024081013','МУКА МАРИЯ В/С ГОСТ 1КГ',15.90,1.000,1,NULL,NULL,NULL,NULL,NULL,NULL,NULL,NULL,NULL,NULL),('10396','4607025440086','КОНС.РЫБ.САРДИНЕЛЛА НДМ 230Г',23.90,1.000,1,NULL,NULL,NULL,NULL,NULL,NULL,NULL,NULL,NULL,NULL),('11','4607032140122','ВАРЕНЕЦ БМК 2.5% 450Г ПЮР/ПАК',20.90,1.000,1,NULL,NULL,NULL,NULL,NULL,NULL,NULL,NULL,NULL,NULL),('10','4607032140146','БМК БИФИЛЮКС 2.5% 0.5Л',15.30,1.000,1,NULL,NULL,NULL,NULL,NULL,NULL,NULL,NULL,NULL,NULL),('1','4607032140207','МОЛОКО БМК 1.5% 1Л П/П',15.20,1.000,1,NULL,NULL,NULL,NULL,NULL,NULL,NULL,NULL,NULL,NULL),('10219','4607032140542','КЕФИР БМК 2.5% 900Г П/П',30.70,1.000,1,NULL,NULL,NULL,NULL,NULL,NULL,NULL,NULL,NULL,NULL),('10186','4607032140559','КЕФИР БМК 2.5% 400Г П/П',17.60,1.000,1,NULL,NULL,NULL,NULL,NULL,NULL,NULL,NULL,NULL,NULL),('10183','4607032140573','КЕФИР БМК 1% 400МЛ П/П',15.80,1.000,1,NULL,NULL,NULL,NULL,NULL,NULL,NULL,NULL,NULL,NULL),('11','4607032142362','ВАРЕНЕЦ БМК 2.5% 450Г ПЮР/ПАК',20.90,1.000,1,NULL,NULL,NULL,NULL,NULL,NULL,NULL,NULL,NULL,NULL),('10219','4607032142621','КЕФИР БМК 2.5% 900Г П/П',30.70,1.000,1,NULL,NULL,NULL,NULL,NULL,NULL,NULL,NULL,NULL,NULL),('10183','4607032142638','КЕФИР БМК 1% 400МЛ П/П',15.80,1.000,1,NULL,NULL,NULL,NULL,NULL,NULL,NULL,NULL,NULL,NULL),('10186','4607032142645','КЕФИР БМК 2.5% 400Г П/П',17.60,1.000,1,NULL,NULL,NULL,NULL,NULL,NULL,NULL,NULL,NULL,NULL),('11','4607032142980','ВАРЕНЕЦ БМК 2.5% 450Г ПЮР/ПАК',20.90,1.000,1,NULL,NULL,NULL,NULL,NULL,NULL,NULL,NULL,NULL,NULL),('10130','4607036040565','КЕТЧУП БАЛТИМОР АДМИРАЛ 530Г С/Б',55.70,1.000,1,NULL,NULL,NULL,NULL,NULL,NULL,NULL,NULL,NULL,NULL),('10133','4607036040602','КЕТЧУП БАЛТИМОР ТАТАРСКИЙ 530Г С/Б',55.70,1.000,1,NULL,NULL,NULL,NULL,NULL,NULL,NULL,NULL,NULL,NULL),('10133','4607036040688','КЕТЧУП БАЛТИМОР ТАТАРСКИЙ 530Г С/Б',55.70,1.000,1,NULL,NULL,NULL,NULL,NULL,NULL,NULL,NULL,NULL,NULL),('1034','4607042430633','СОК РИЧ ЯБЛОКО 1Л',70.90,1.000,1,NULL,NULL,NULL,NULL,NULL,NULL,NULL,NULL,NULL,NULL),('1031','4607042430657','СОК РИЧ ГРЕЙПФРУТ 1Л',80.60,1.000,1,NULL,NULL,NULL,NULL,NULL,NULL,NULL,NULL,NULL,NULL),('1029','4607042430688','СОК РИЧ АНАНАС 1Л',70.90,1.000,1,NULL,NULL,NULL,NULL,NULL,NULL,NULL,NULL,NULL,NULL),('1037','4607042430817','НЕКТАР РИЧ МАНГО 1Л',70.90,1.000,1,NULL,NULL,NULL,NULL,NULL,NULL,NULL,NULL,NULL,NULL),('1029','4607042439162','СОК РИЧ АНАНАС 1Л',70.90,1.000,1,NULL,NULL,NULL,NULL,NULL,NULL,NULL,NULL,NULL,NULL),('1031','4607042439186','СОК РИЧ ГРЕЙПФРУТ 1Л',80.60,1.000,1,NULL,NULL,NULL,NULL,NULL,NULL,NULL,NULL,NULL,NULL),('1034','4607042439216','СОК РИЧ ЯБЛОКО 1Л',70.90,1.000,1,NULL,NULL,NULL,NULL,NULL,NULL,NULL,NULL,NULL,NULL),('1037','4607042439230','НЕКТАР РИЧ МАНГО 1Л',70.90,1.000,1,NULL,NULL,NULL,NULL,NULL,NULL,NULL,NULL,NULL,NULL),('10396','4607043160034','КОНС.РЫБ.САРДИНЕЛЛА НДМ 230Г',23.90,1.000,1,NULL,NULL,NULL,NULL,NULL,NULL,NULL,NULL,NULL,NULL),('10941','4607043790392','ПРЯНИК 6 МУ-МУ СО СГУЩЕНКОЙ 410Г',30.70,1.000,1,NULL,NULL,NULL,NULL,NULL,NULL,NULL,NULL,NULL,NULL),('10158','4607043790408','ПРЯНИК 6 ИРЭК 400Г',29.60,1.000,1,NULL,NULL,NULL,NULL,NULL,NULL,NULL,NULL,NULL,NULL),('10161','4607043790415','ПРЯНИК 6 НЕГРИТЕНОК 350Г',22.00,1.000,1,NULL,NULL,NULL,NULL,NULL,NULL,NULL,NULL,NULL,NULL),('10157','4607043790606','ПРЯНИК 6 ВОРОНЕЖСКИЙ 400Г',24.00,1.000,1,NULL,NULL,NULL,NULL,NULL,NULL,NULL,NULL,NULL,NULL),('10255','4607043790620','ПРЯНИК 6 ДНЕПРОВСКИЙ 400Г',23.10,1.000,1,NULL,NULL,NULL,NULL,NULL,NULL,NULL,NULL,NULL,NULL),('10202','4607043870032','ТОРТ ПЕРФЕКТ ПОЗДРАВЛЯЮ 800Г',209.90,1.000,1,NULL,NULL,NULL,NULL,NULL,NULL,NULL,NULL,NULL,NULL),('10202','4607043878038','ТОРТ ПЕРФЕКТ ПОЗДРАВЛЯЮ 800Г',209.90,1.000,1,NULL,NULL,NULL,NULL,NULL,NULL,NULL,NULL,NULL,NULL),('10206','4607043882394','МАСЛО СЛИВОЧНОЕ ЛАКТ КРЕСТЬЯНСКОЕ 72.5% 400Г',110.30,1.000,1,NULL,NULL,NULL,NULL,NULL,NULL,NULL,NULL,NULL,NULL),('10206','4607044160149','МАСЛО СЛИВОЧНОЕ ЛАКТ КРЕСТЬЯНСКОЕ 72.5% 400Г',110.30,1.000,1,NULL,NULL,NULL,NULL,NULL,NULL,NULL,NULL,NULL,NULL),('10158','4607047790855','ПРЯНИК 6 ИРЭК 400Г',29.60,1.000,1,NULL,NULL,NULL,NULL,NULL,NULL,NULL,NULL,NULL,NULL),('1062','4607053370553','ЗАМОРОЗКА РГ КЛУБНИКА 400Г',76.90,1.000,1,NULL,NULL,NULL,NULL,NULL,NULL,NULL,NULL,NULL,NULL),('10074','4607055070260','Х/Т ПЕРЧАТКИ РУСАЛОЧКА ЛАТЕКС БОЛЬШИЕ',29.10,1.000,1,NULL,NULL,NULL,NULL,NULL,NULL,NULL,NULL,NULL,NULL),('10396','4607058830199','КОНС.РЫБ.САРДИНЕЛЛА НДМ 230Г',23.90,1.000,1,NULL,NULL,NULL,NULL,NULL,NULL,NULL,NULL,NULL,NULL),('10590','4607062470091','СЫР ПЛАВЛЕНЫЙ АЛДЕС БЕКОН 200Г',42.50,1.000,1,NULL,NULL,NULL,NULL,NULL,NULL,NULL,NULL,NULL,NULL),('10343','4607062470121','СЫР ПЛАВЛЕНЫЙ АЛДЕС ГРИБЫ 200Г',42.50,1.000,1,NULL,NULL,NULL,NULL,NULL,NULL,NULL,NULL,NULL,NULL),('10341','4607062470138','СЫР ПЛАВЛЕНЫЙ АЛДЕС СЛИВОЧНЫЙ 200Г',42.50,1.000,1,NULL,NULL,NULL,NULL,NULL,NULL,NULL,NULL,NULL,NULL),('10342','4607062470145','СЫР ПЛАВЛЕНЫЙ АЛДЕС ВЕТЧИНА 200Г',42.50,1.000,1,NULL,NULL,NULL,NULL,NULL,NULL,NULL,NULL,NULL,NULL),('10590','4607062470152','СЫР ПЛАВЛЕНЫЙ АЛДЕС БЕКОН 200Г',42.50,1.000,1,NULL,NULL,NULL,NULL,NULL,NULL,NULL,NULL,NULL,NULL),('10396','4607071840793','КОНС.РЫБ.САРДИНЕЛЛА НДМ 230Г',23.90,1.000,1,NULL,NULL,NULL,NULL,NULL,NULL,NULL,NULL,NULL,NULL),('10069','4607080920240','ТОРТ АЛБИС ЭКСТЕЗИ 600Г',182.50,1.000,1,NULL,NULL,NULL,NULL,NULL,NULL,NULL,NULL,NULL,NULL),('10068','4607080920264','ТОРТ АЛБИС МАЭСТРО 800Г',261.50,1.000,1,NULL,NULL,NULL,NULL,NULL,NULL,NULL,NULL,NULL,NULL),('10068','4607080920271','ТОРТ АЛБИС МАЭСТРО 800Г',261.50,1.000,1,NULL,NULL,NULL,NULL,NULL,NULL,NULL,NULL,NULL,NULL),('11336','4607085233017','ДИАБЕТИКА ШОКОЛАД НА ФРУКТОЗЕ КЛАССИЧ. ГОРЬКИЙ 100Г',60.40,1.000,1,NULL,NULL,NULL,NULL,NULL,NULL,NULL,NULL,NULL,NULL),('11338','4607085233031','ДИАБЕТИКА ШОКОЛАД НА ФРУКТОЗЕ С ОРЕХОМ 100Г',60.40,1.000,1,NULL,NULL,NULL,NULL,NULL,NULL,NULL,NULL,NULL,NULL),('11240','4607107490053','ТОРТ ДЮЖИНА ЗЛАТА ПРАГА 800Г',226.50,1.000,1,NULL,NULL,NULL,NULL,NULL,NULL,NULL,NULL,NULL,NULL),('11247','4607107490145','ТОРТ ДЮЖИНА ЛЮБИМЫЙ 800Г',241.00,1.000,1,NULL,NULL,NULL,NULL,NULL,NULL,NULL,NULL,NULL,NULL),('11242','4607107490169','ТОРТ ДЮЖИНА МАННА НЕБЕСНАЯ 800Г',216.80,1.000,1,NULL,NULL,NULL,NULL,NULL,NULL,NULL,NULL,NULL,NULL),('11228','4607107492569','ТОРТ ДЮЖИНА ЧЕРЕМУХОВЫЙ 800Г',273.50,1.000,1,NULL,NULL,NULL,NULL,NULL,NULL,NULL,NULL,NULL,NULL),('10396','4607115117904','КОНС.РЫБ.САРДИНЕЛЛА НДМ 230Г',23.90,1.000,1,NULL,NULL,NULL,NULL,NULL,NULL,NULL,NULL,NULL,NULL),('10396','4607131830061','КОНС.РЫБ.САРДИНЕЛЛА НДМ 230Г',23.90,1.000,1,NULL,NULL,NULL,NULL,NULL,NULL,NULL,NULL,NULL,NULL),('10396','4607158601774','КОНС.РЫБ.САРДИНЕЛЛА НДМ 230Г',23.90,1.000,1,NULL,NULL,NULL,NULL,NULL,NULL,NULL,NULL,NULL,NULL),('1034','4607174570092','СОК РИЧ ЯБЛОКО 1Л',70.90,1.000,1,NULL,NULL,NULL,NULL,NULL,NULL,NULL,NULL,NULL,NULL),('10396','4607175460309','КОНС.РЫБ.САРДИНЕЛЛА НДМ 230Г',23.90,1.000,1,NULL,NULL,NULL,NULL,NULL,NULL,NULL,NULL,NULL,NULL),('10396','4607178200056','КОНС.РЫБ.САРДИНЕЛЛА НДМ 230Г',23.90,1.000,1,NULL,NULL,NULL,NULL,NULL,NULL,NULL,NULL,NULL,NULL),('10396','4610000620014','КОНС.РЫБ.САРДИНЕЛЛА НДМ 230Г',23.90,1.000,1,NULL,NULL,NULL,NULL,NULL,NULL,NULL,NULL,NULL,NULL),('1067','4610000822395','ПРИПРАВА ПРИПРАВЫЧ ДЛЯ ПЕРВЫХ БЛЮД 15Г',6.50,1.000,1,NULL,NULL,NULL,NULL,NULL,NULL,NULL,NULL,NULL,NULL),('10396','4612740870117','КОНС.РЫБ.САРДИНЕЛЛА НДМ 230Г',23.90,1.000,1,NULL,NULL,NULL,NULL,NULL,NULL,NULL,NULL,NULL,NULL),('10396','4620759200092','КОНС.РЫБ.САРДИНЕЛЛА НДМ 230Г',23.90,1.000,1,NULL,NULL,NULL,NULL,NULL,NULL,NULL,NULL,NULL,NULL),('10396','4660001480063','КОНС.РЫБ.САРДИНЕЛЛА НДМ 230Г',23.90,1.000,1,NULL,NULL,NULL,NULL,NULL,NULL,NULL,NULL,NULL,NULL),('2012','4820000531351','СИГАРЕТЫ ВИНСТОН БЛЮ (WINSTON BLUE)',NULL,NULL,NULL,NULL,NULL,NULL,NULL,NULL,NULL,NULL,3,NULL,NULL),('2010','7312040017683','Водка \"Absolut\" 40%,0.7 л',NULL,NULL,NULL,NULL,NULL,NULL,NULL,NULL,NULL,NULL,1,NULL,NULL),('2017','7622100996200','Сигареты \"Marlboro\", красные',NULL,NULL,NULL,NULL,NULL,NULL,NULL,NULL,NULL,NULL,3,NULL,NULL);

--
-- Dumping data for table `barcodes2`
--


--
-- Dumping data for table `button1`
--

REPLACE INTO `button1` (`code`, `name`, `tag`, `rateobject`, `ratetype`, `ratevalue`, `maxratevalue`, `minratevalue`) VALUES (1,'Скидка по кнопке',NULL,0,0,5.00,NULL,NULL);

--
-- Dumping data for table `button2`
--


--
-- Dumping data for table `campaign1`
--


--
-- Dumping data for table `campaign2`
--


--
-- Dumping data for table `card1`
--


--
-- Dumping data for table `card2`
--

REPLACE INTO `card2` (`idcard`, `idcardgroup`, `idclient`, `number`, `validitydatebeg`, `validitydateend`, `cardSum`, `blocked`, `lastknownbonusbalance`, `lastknownbonusbalancedate`, `multiplicator`, `multiplicatorbeg`, `multiplicatorend`, `multiplicatorcurrent`, `discountpercent`, `purchases`, `pincode`, `cardstatus`, `shopcode`, `options`) VALUES ('67c4747d-f0ad-4ab9-9682-4f1684a9a44b',1,'371a38fa-a1a8-4ef5-bdfe-09cf50b99214','b111',NULL,NULL,0.00,NULL,0.00,NULL,0.00,NULL,NULL,0.00,0.00,0,'',0,'',0);

--
-- Dumping data for table `cardgroup1`
--

REPLACE INTO `cardgroup1` (`idcardgroup`, `name`, `text`, `cardmode`, `prefixbeg`, `prefixend`, `lenbeg`, `lenend`, `regexpattern`, `inputmask`, `regexrule`, `valutcode`, `discounttype`, `discountvalue`, `bonususecase`, `showinfo`, `notaddemptycard`, `printinfo`, `additionalregistration`, `searchrule`, `userawdata`, `options`) VALUES (1,'Карта с магнитной полосой','Карта с магнитной полосой',0,NULL,NULL,NULL,NULL,';([0-9]+)\\?',4,'\\1',NULL,NULL,NULL,NULL,NULL,NULL,NULL,NULL,NULL,NULL,NULL),(2,'Карта со штрих-кодом','Карта с штрих-кодом',0,NULL,NULL,0,0,'[0-9]+',31,NULL,NULL,NULL,NULL,NULL,NULL,NULL,NULL,NULL,NULL,NULL,NULL);

--
-- Dumping data for table `cardgroup2`
--

REPLACE INTO `cardgroup2` (`idcardgroup`, `name`, `text`, `cardmode`, `prefixbeg`, `prefixend`, `lenbeg`, `lenend`, `regexpattern`, `inputmask`, `regexrule`, `valutcode`, `discounttype`, `discountvalue`, `bonususecase`, `showinfo`, `notaddemptycard`, `printinfo`, `additionalregistration`, `searchrule`, `userawdata`, `options`) VALUES (1,'ArtixBonus','',1,'','',0,0,'b[0-9]+',31,'',0,0,0.00,0,0,0,0,0,NULL,NULL,NULL);

--
-- Dumping data for table `cardgroupverification1`
--


--
-- Dumping data for table `cardgroupverification2`
--


--
-- Dumping data for table `cashconfig1`
--


--
-- Dumping data for table `cashconfig2`
--


--
-- Dumping data for table `catalog1`
--

REPLACE INTO `catalog1` (`catalogid`, `catalogname`, `image`, `type`) VALUES (1913973962,'СИЗ',NULL,NULL);

--
-- Dumping data for table `catalog2`
--


--
-- Dumping data for table `catalogattribute1`
--

REPLACE INTO `catalogattribute1` (`catalogid`, `alcoholpercent`, `age`, `attribute`, `egaistype`) VALUES (1913973962,NULL,NULL,7,NULL);

--
-- Dumping data for table `catalogattribute2`
--


--
-- Dumping data for table `catalogrestrict1`
--


--
-- Dumping data for table `catalogrestrict2`
--


--
-- Dumping data for table `category1`
--


--
-- Dumping data for table `category2`
--


--
-- Dumping data for table `certificate1`
--

REPLACE INTO `certificate1` (`code`, `rangefrom`, `rangeto`, `name`, `sum`, `inputmask`, `fullyspend`, `skiplastsymbol`, `tmccode`, `minsum`, `maxsum`, `multiplesum`, `deptcode`, `vatcode`, `paymentobject`, `regexpattern`, `discountcampaign`) VALUES ('1',1000,9999,'Тестовые сертификаты',5000.00,31,NULL,NULL,'123456',0.00,5000.00,NULL,NULL,NULL,NULL,NULL,'!!python/object:artixds.domain.DiscountCampaign\nactive: true\nbeginBonusesDateCalculate: null\nbeginBonusesIntervalCondition: !!python/unicode \'date\'\nbeginBonusesIntervalMetric: !!python/unicode \'day\'\nbeginBonusesIntervalValue: 0\nbeginDate: null\nbeginDateWithBeginCurrentMetric: !!python/unicode \'day\'\nbeginDateWithBeginNextMetric: !!python/unicode \'day\'\nbeginRangeDate: 2024-01-01\nbeginTime: null\ncheckedTags: null\ndaysOfWeek: []\ndiscounts: []\nendBonusesDateCalculate: null\nendBonusesIntervalCondition: !!python/unicode \'date\'\nendBonusesIntervalMetric: !!python/unicode \'day\'\nendBonusesIntervalValue: 0\nendDate: null\nendRangeDate: 2040-01-01\nendTime: null\nid: 1184741194759\ninteractionType: all\nlabels: null\nmanualActivate: null\nname: !!python/unicode \'\'\nparent: null\nparentGroup: null\npriority: null\nqualifiers: !!set {}\ntagsIsAllowed: false\nweight: 300\n');

--
-- Dumping data for table `certificate2`
--


--
-- Dumping data for table `client1`
--


--
-- Dumping data for table `client2`
--

REPLACE INTO `client2` (`idclient`, `name`, `text`, `sex`, `birthday`, `specialdate1`, `specialdate2`, `specialdate3`, `specialdate1name`, `specialdate2name`, `specialdate3name`, `zipcode`, `address`, `email`, `webpage`, `phonenumber`, `inn`, `document`, `okpo`, `okpd`, `occupation`, `childrencount`, `extendedoptions`, `organizationcode`, `options`, `lastname`, `patronymic`, `communications`) VALUES ('371a38fa-a1a8-4ef5-bdfe-09cf50b99214','Борис Борисович Борисов','',0,NULL,NULL,NULL,NULL,'','','','','','someemail@email.com','','79998887766','','','','','',NULL,'',NULL,3,NULL,NULL,4);

--
-- Dumping data for table `clientcardmask1`
--


--
-- Dumping data for table `clientcardmask2`
--


--
-- Dumping data for table `cmaction1`
--

REPLACE INTO `cmaction1` (`cmactioncode`, `cmactionname`, `commandcode`, `logmode`, `notshowinservicemenu`) VALUES (1,'Главное меню',3,0,1),(2,'Выход',1,0,NULL),(3,'Регистрация кассира',2,1,NULL),(6,'Монитор кассира (продажа)',4,0,NULL),(7,'Режим \"Продажа\"',5,0,NULL),(8,'Режим \"Возврат\"',6,1,NULL),(9,'Изменить количество',7,0,NULL),(10,'Изменить цену',8,1,NULL),(11,'Ввод по штрих-коду',9,0,NULL),(12,'Ввод по коду',10,0,NULL),(14,'Изменить отдел',11,0,NULL),(15,'Сторно текущей позиции',12,1,NULL),(16,'Сторно всех позиций',13,1,NULL),(18,'Применить модификаторы к позиции',15,1,NULL),(19,'Продажа в отдел',16,0,NULL),(22,'Взвесить',18,0,NULL),(23,'Печать копии чека',19,0,NULL),(24,'Печать товарного чека',20,0,NULL),(25,'Информация о карте',21,0,NULL),(28,'Информация о товаре (по штрих-коду)',22,1,NULL),(29,'Выбрать по штрих-коду',23,0,NULL),(30,'Расфасовка',24,0,NULL),(33,'Открыть денежный ящик',27,1,NULL),(34,'Калькулятор',28,0,NULL),(35,'Итог',29,0,NULL),(37,'Выбрать тип оплаты',30,0,NULL),(49,'Почековая выгрузка',49,0,NULL),(50,'Карта: добавить',42,0,NULL),(53,'Внесение денег',92,0,1),(54,'Выем денег',93,0,1),(55,'Операции с деньгами',3,0,1),(56,'Выход',46,0,1),(59,'Просмотр документа',48,0,NULL),(60,'Отчеты',3,0,1),(62,'X отчет (ФР)',49,0,1),(63,'Z отчет (ФР)',49,0,1),(64,'Отчет по отделам (ФР)',49,0,1),(65,'X отчет',49,0,1),(68,'Закрытие смены',50,0,1),(69,'Тест табло покупателя',52,0,1),(70,'Тест денежного ящика',55,0,1),(71,'Тест устройств ввода',54,0,1),(72,'Тест ККМ',53,0,1),(74,'Z отчет',49,0,1),(75,'Отчет по отделам',49,0,1),(76,'Отчет по сторно',49,0,1),(77,'Отчет по сторно (текущая смена)',49,0,1),(78,'Обслуживание системы',49,0,1),(79,'Сверка итогов по безналу',56,0,1),(87,'Добавить оплату в чеке',58,0,NULL),(90,'Режим \"Инвентаризация\"',61,0,NULL),(92,'Скидка по кнопке',63,0,NULL),(94,'Документ: аннулировать',65,0,1),(95,'Документ: аннулировать последний',65,0,1),(99,'Информация о товаре (по наименованию)',70,0,NULL),(101,'Подытог',72,0,NULL),(103,'Карта: удалить',74,0,NULL),(106,'Возврат по чеку продажи',77,0,NULL),(111,'Выбрать по наименованию',82,0,NULL),(112,'Выбрать по коду',83,0,NULL),(113,'Информация о товаре (по коду)',84,0,NULL),(115,'Сумма в денежном ящике',86,1,NULL),(116,'Отложить чек',87,0,NULL),(117,'Восстановить чек',88,0,NULL),(121,'Выгрузка продаж',49,0,1),(122,'Ввод',90,0,1),(131,'Сформировать файл продаж',49,0,1),(133,'Выгрузка продаж в КС',49,0,1),(182,'Документы',3,0,1),(183,'Сверка итогов',3,0,NULL),(184,'Печать отчета по безналу',94,0,1),(185,'Сервис',3,0,NULL),(186,'Вход в тренировочный режим',95,0,NULL),(187,'Выход из тренировочного режима',96,0,NULL),(189,'Вызвать меню \"Сервис\"',97,0,1),(190,'О программе',98,0,NULL),(191,'Оплатить бонусами',99,0,NULL),(192,'Выбрать по цене',100,0,NULL),(193,'Выбрать по артикулу',101,0,NULL),(194,'Информация о товаре (по цене)',102,0,NULL),(195,'Информация о товаре (по артикулу)',103,0,NULL),(196,'Встроенный браузер',104,0,1),(197,'Горячая клавиша №1',105,0,1),(198,'Подытог по карте',106,0,NULL),(199,'Завершение работы',3,0,NULL),(200,'Отмена',46,0,NULL),(201,'Перезагрузить кассу',107,0,NULL),(202,'Перезапустить программу',108,0,NULL),(203,'Выключить кассу',109,0,NULL),(204,'Отчет по бонусам',49,0,1),(205,'Журнал учета алкогольной продукции',136,0,1),(206,'Обязательный выем денежных средств',137,0,1),(207,'Баланс банковской карты',138,0,NULL),(208,'Удалить купоны',139,0,NULL),(209,'Режим \"Возврат поставщику\"',140,0,NULL),(210,'Тест оборудования',3,0,NULL),(211,'Выбрать скидку из списка',141,0,NULL),(212,'Отменить скидки выбранные вручную',142,0,NULL),(214,'Выбор консультанта из списка',143,0,NULL),(215,'Тест весов',145,0,1),(216,'Назначить консультанта на свободные позиции',146,0,1),(217,'Добавить адрес покупателя',147,0,1),(218,'Отключить контроль финансовых операций',148,0,1),(219,'Просмотр электронного журнала',149,0,NULL),(220,'Выем без участия кассира',150,0,NULL),(221,'Лицензионное соглашение',152,1,NULL),(222,'Отчет по налогам (ФР)',49,0,1),(223,'Авторасчет социальных товаров',153,0,NULL),(224,'Пометка позиции как \'социальная\'',154,0,NULL),(225,'Печать копии фискального документа',155,0,NULL),(226,'Получить информацию по сертификату',156,0,NULL),(227,'ESC',159,0,NULL),(228,'Подбор товара по нескольким параметрам',160,0,NULL),(229,'Коррекция прихода',162,0,NULL),(230,'Коррекция расхода',163,0,NULL),(231,'Отчет по кассирам',49,0,1),(232,'Просмотр информации по нескольким параметрам',166,0,NULL),(233,'Ввести 00',167,0,NULL),(234,'Печать счета-фактуры',168,0,NULL),(235,'Просмотр отложенных чеков',169,0,NULL),(236,'Отрезка бумаги',170,0,NULL),(237,'Восстановить онлайн-чек',171,0,NULL),(242,'Софт-чек',176,0,NULL),(244,'Возврат с указанной суммой в отдел',178,0,1),(245,'Работа с ТТН (ЕГАИС)',179,0,1),(246,'Выбор товара из каталога',181,0,NULL),(247,'Добавление сертификата',151,0,NULL),(248,'Открыть смену',144,0,1),(250,'Выбор причины коррекции',165,0,1),(251,'Выбор типа коррекции',164,0,1),(252,'Выйти из текущей страницы панели действий',158,0,1),(254,'Макрос',59,0,1),(255,'Ввод информации о владельце карты лояльности',161,0,1),(256,'Переключить страницу панели действий',157,0,1),(257,'Тест отрезчика ФР',170,0,1),(258,'Замена карты',182,0,1),(259,'Регистрация лотерейного билета',183,0,1),(260,'Печать краткого отчета по безналу',184,0,1),(261,'Проверка связи с пинпадом',185,0,1),(262,'Печать копии слипа',186,0,1),(263,'Выдача карты',187,0,1),(264,'Просмотр остатков товара',188,0,1),(265,'Добавить купон',189,0,1),(266,'Покупюрная ведомость',190,0,1),(267,'Информация о лицензии',192,0,NULL),(268,'Выбор лекарства',193,0,NULL),(269,'Изменение типа кассы',194,0,NULL),(270,'Заказать лекарства',195,0,NULL),(271,'Печать последнего документа из ФН',49,0,1),(272,'Изменение языка',196,0,NULL),(273,'Создание карты',197,0,NULL),(274,'Просмотр онлайн-заказов',198,0,0),(275,'Просмотр онлайн-заказов из резерва',199,0,NULL),(276,'Просмотр электронных рецептов',200,0,NULL),(277,'Показать прайс-лист',201,0,NULL),(278,'Тест QR-дисплея',202,0,NULL),(279,'Согласование онлайн-чека',204,0,NULL),(280,'Замена товара в онлайн-чеке',205,0,NULL),(281,'Печать копии отчета',206,0,NULL),(282,'Выдача наличных',207,1,NULL),(283,'Переключиться на тач панель Карта',157,1,1),(284,'Переключиться на тач панель Чек',157,1,1),(285,'Горячая клавиша №2 (большой пакет)',105,0,1),(286,'Наличка',30,0,NULL),(287,'Терминал',30,0,NULL),(288,'Qr-код',30,0,NULL),(289,'Боковая панель',3,0,NULL),(290,'Закрыть и распечатать',29,0,NULL),(291,'Закрыть и не печатать',29,0,NULL);

--
-- Dumping data for table `cmaction2`
--


--
-- Dumping data for table `cmevent1`
--

REPLACE INTO `cmevent1` (`eventname`, `eventdescription`, `macrocode`) VALUES ('AfterMoneyOperation','Действия после закрытия денежного документа внесения/выема',NULL),('DocumentAfterClosing','Действия после закрытия документа',2),('DocumentAfterRegistration','Действия после добавления позиции',NULL),('DocumentInventoryAfterClosing','Действия после закрытия документа инвентаризации',NULL),('DocumentInventoryAfterRegistration','Действия после добавления позиции в документ инвентаризации',NULL);

--
-- Dumping data for table `cmevent2`
--


--
-- Dumping data for table `cmkeys1`
--


--
-- Dumping data for table `cmkeys2`
--


--
-- Dumping data for table `command1`
--

REPLACE INTO `command1` (`commandcode`, `commandname`, `description`, `logmode`) VALUES (1,'COMMAND_EXIT','Выход',0),(2,'COMMAND_LOGIN','Регистрация',0),(3,'COMMAND_MENU','Меню',0),(4,'COMMAND_TERMINAL','Терминал',0),(5,'COMMAND_SALE','Переход в режим \"продажа\"',0),(6,'COMMAND_BACK','Переход в режим \"возврат\"',0),(7,'COMMAND_QUANT','Изменение количества',0),(8,'COMMAND_PRICE','Изменение цены',0),(9,'COMMAND_BCODE','Ввод по штрих-коду',0),(10,'COMMAND_CODE','Ввод по коду',0),(11,'COMMAND_DEPT','Изменение номера отдела',0),(12,'COMMAND_STORNOSELECT','Сторно выбранного',0),(13,'COMMAND_STORNOALL','Сторно всех позиций',0),(15,'COMMAND_APPLY','Применение модификаторов',0),(16,'COMMAND_DEPTN','Продажа по свободной цене',0),(18,'COMMAND_SCALES','Взвешивание',0),(19,'COMMAND_PRINTCOPY','Печать копии чека',0),(20,'COMMAND_PRINTGOODSCH','Печать товарного чека',0),(21,'COMMAND_CARDINFO','Просмотр информации по карте',0),(22,'COMMAND_BCODETEST','Просмотр информации о товаре',0),(23,'COMMAND_SELECTTMC','Выбор по штрих-коду',0),(24,'COMMAND_PACKING','Расфасовка',0),(27,'COMMAND_OPENDRAWER','Открыть денежный ящик',0),(28,'COMMAND_CALC','Калькулятор',0),(29,'COMMAND_TOTAL','Итог',0),(30,'COMMAND_VALUT','Оплата валютой',0),(42,'COMMAND_CARD','Скидка по карте',0),(46,'COMMAND_MENUEXIT','Выход из меню',0),(48,'COMMAND_VIEW','Просмотр',0),(49,'COMMAND_OPERATION','Операция',0),(50,'COMMAND_SHIFTCLOSE','Закрытие смены',0),(52,'COMMAND_CDTEST','Тестирование табло покупателя',0),(53,'COMMAND_KKMTEST','Тестирование ККМ',0),(54,'COMMAND_KBTEST','Тестирование клавиатуры',0),(55,'COMMAND_DRAWERTEST','Тестирование денежного ящика',0),(56,'COMMAND_VERIFYTOTAL','Сверка итогов по безналу',0),(58,'COMMAND_ADDPAYMENTPOSITION','Добавление оплаты в чеке',0),(59,'COMMAND_MACRO','Макрос',0),(61,'COMMAND_INVENTORY','Инвентаризация',0),(63,'COMMAND_BUTTON','Скидка по кнопке',0),(65,'COMMAND_DOCCANCEL','Аннулирование документа',0),(70,'COMMAND_BCODETESTBYNAME','Просмотр информации о товаре (подбор по наименованию)',0),(72,'COMMAND_SUBTOTAL','Подытог',0),(74,'COMMAND_DELETECARD','Отмена карты',0),(77,'COMMAND_BACKBYSALE','Возврат по чеку продажи',0),(82,'COMMAND_SELECTBYNAME','Выбрать по наименованию',0),(83,'COMMAND_SELECTBYCODE','Выбрать по коду',0),(84,'COMMAND_TESTBYCODE','Просмотр информации о товаре (подбор по коду)',0),(86,'COMMAND_CASHDRAWERSUM','Просмотр суммы в денежном ящике',0),(87,'COMMAND_PUTOUT','Отложить чек',0),(88,'COMMAND_REVEAL','Восстановить чек',0),(90,'COMMAND_ENTER','Ввод',0),(92,'COMMAND_MONEYIN','Внесение денег',0),(93,'COMMAND_MONEYOUT','Выем денег',0),(94,'COMMAND_EMV_PRINTREPORT','Печать отчета по безналу',0),(95,'COMMAND_ENTER_TRAINING_MODE','Вход в тренировочный режим',0),(96,'COMMAND_EXIT_TRAINING_MODE','Выход из тренировочного режима',0),(97,'COMMAND_SERVICE_MENU','Вызов меню \"Сервис\"',0),(98,'COMMAND_ABOUT','Просмотр информации о программе',0),(99,'COMMAND_PAYWITHBONUS','Оплата бонусами',0),(100,'COMMAND_SELECTBYPRICE','Выбрать по цене',0),(101,'COMMAND_SELECTBYARTICUL','Выбрать по артикулу',0),(102,'COMMAND_TESTBYPRICE','Информация о товаре (по цене)',0),(103,'COMMAND_TESTBYARTICUL','Информация о товаре (по артикулу)',0),(104,'COMMAND_WEB_BROWSER','Встроенный браузер',0),(105,'COMMAND_HOTKEY','Горячая клавиша',0),(106,'COMMAND_SUBTOTAL_BYCARD','Подытог по карте',0),(107,'COMMAND_REBOOT','Перезагрузить кассу',0),(108,'COMMAND_RESTART','Перезапустить программу',0),(109,'COMMAND_SHUTDOWN','Выключить кассу',0),(110,'KEY_ARROW_DOWN','Клавиша стрелка вниз',0),(111,'KEY_ARROW_UP','Клавиша стрелка вверх',0),(112,'KEY_ARROW_LEFT','Клавиша стрелка влево',0),(113,'KEY_ARROW_RIGHT','Клавиша стрелка вправо',0),(114,'KEY_PAGEUP','Клавиша PageUp',0),(115,'KEY_PAGEDOWN','Клавиша PageDown',0),(116,'KEY_ENTER','Клавиша Enter',0),(117,'KEY_ESC','Клавиша Esc',0),(118,'KEY_BACKSPACE','Клавиша Backspace',0),(119,'KEY_0','Клавиша 0',0),(120,'KEY_1','Клавиша 1',0),(121,'KEY_2','Клавиша 2',0),(122,'KEY_3','Клавиша 3',0),(123,'KEY_4','Клавиша 4',0),(124,'KEY_5','Клавиша 5',0),(125,'KEY_6','Клавиша 6',0),(126,'KEY_7','Клавиша 7',0),(127,'KEY_8','Клавиша 8',0),(128,'KEY_9','Клавиша 9',0),(129,'KEY_SLASH','Клавиша Деления',0),(130,'KEY_ASTERISK','Клавиша Умножения',0),(131,'KEY_MINUS','Клавиша Вычитания',0),(132,'KEY_PLUS','Клавиша Сложения',0),(133,'KEY_PERIOD','Клавиша Десятичный разделитель',0),(134,'KEY_HOME','Клавиша Home',0),(135,'KEY_END','Клавиша End',0),(136,'COMMAND_JOURNAL','Журнал учета алкогольной продукции',0),(137,'COMMAND_MONEYOUTALL','Обязательный выем денежных средств',0),(138,'COMMAND_BANK_CARD_BALANCE','Баланс банковской карты',0),(139,'COMMAND_COUPON_DELETE','Удалить купоны',0),(140,'COMMAND_BACKTOSUPPLIER','Возврат поставщику',0),(141,'COMMAND_MANUAL_DISCOUNT','Выбрать скидку из списка',0),(142,'COMMAND_CLEAR_MANUAL_DISCOUNT','Отменить скидки выбранные вручную',0),(143,'COMMAND_CONSULTANT','Выбор консультанта из списка',0),(144,'COMMAND_SHIFTOPEN','Открыть смену',0),(145,'COMMAND_SCALETEST','Тест весов',0),(146,'COMMAND_CONSULTANT_FILL','Назначить консультанта на свободные позиции',0),(147,'COMMAND_CUSTOMER_ADDRESS_ADD','Добавить адрес покупателя',0),(148,'COMMAND_SUSPEND_CFO','Отключить контроль финансовых операций',0),(149,'COMMAND_SHOW_EJ','Просмотр электронного журнала',0),(150,'COMMAND_MONEYOUT_WITHOUTCASHIER','Выем без участия кассира',0),(151,'COMMAND_CERTIFICATE','Добавление сертификата',0),(152,'COMMAND_LICENSEDOC','Просмотр лицензионного соглашения',0),(153,'COMMAND_SOCIAL_AUTODISTRIBUTE','Авторасчет социальных товаров',0),(154,'COMMAND_SOCIAL_MANUALSET','Пометка позиции как \'социальная\'',0),(155,'COMMAND_PRINTFNDOCUMENTCOPY','Печать копии фискального докумета',0),(156,'COMMAND_CERTIFICATE_INFO','Получить информацию по сертификату',0),(157,'COMMAND_ACTION_PANEL_PAGE','Переключить страницу панели действий',0),(158,'COMMAND_ACTION_PANEL_PAGE_EXIT','Выйти из текущей страницы панели действий',0),(159,'COMMAND_ESC','ESC',0),(160,'COMMAND_SELECTMULTIPLE','Подбор товара по нескольким параметрам',0),(161,'COMMAND_FILL_CARDOWNER_INFO','Ввод информации о владельце карты лояльности',0),(162,'COMMAND_CORRECTION_SALE','Коррекция прихода',0),(163,'COMMAND_CORRECTION_BACK','Коррекция расхода',0),(164,'COMMAND_CORRECTION_TYPE','Выбор типа коррекции',0),(165,'COMMAND_CORRECTION_REASON','Выбор причины коррекции',0),(166,'COMMAND_TESTMULTIPLE','Информация о товаре по нескольким параметрам',0),(167,'KEY_00','Клавиша 00',0),(168,'COMMAND_PRINTWAYBILL','Печать счета-фактуры',0),(169,'COMMAND_SELECTDEFERRED','Просмотр отложенных чеков',0),(170,'COMMAND_PAPERCUT','Отрезка бумаги',0),(171,'COMMAND_ONLINECHECK','Восстановить онлайн-чек',0),(176,'COMMAND_SOFTCHECK','Софт-чек',0),(178,'COMMAND_BACK_WITH_SUM','Возврат с указанной суммой в отдел',0),(179,'COMMAND_EGAIS_TTN','Работа с ТТН (ЕГАИС)',0),(180,'COMMAND_TESTSKNOCONNECTION','Проверка соединения СКНО с сервером',0),(181,'COMMAND_SELECTFROMPICKLIST','Выбор товара из каталога',0),(182,'COMMAND_CARDREPLACE','Замена карты',0),(183,'COMMAND_LOTTERY','Регистрация лотерейного билета',0),(184,'COMMAND_EMV_PRINTSHORTREPORT','Печать краткого отчета по безналу',0),(185,'COMMAND_EMV_TESTCONNECTION','Проверка связи с пинпадом',0),(186,'COMMAND_EMV_PRINTSLIPCOPY','Печать копии слипа',0),(187,'COMMAND_CARDISSUANCE','Выдача карты',0),(188,'COMMAND_SHOW_REMAINS','Просмотр остатков товара',0),(189,'COMMAND_COUPON_ADD','Добавить купон',0),(190,'COMMAND_VERIFYBILLS','Покупюрная ведомость',0),(191,'COMMAND_DIALOGTEST','Тестирование диалогов',0),(192,'COMMAND_LICENSEINFO','Показать информацию о лицензии',0),(193,'COMMAND_SELECTMEDICINE','Выбор лекарства',0),(194,'COMMAND_CHANGECASHTYPE','Изменение типа кассы',0),(195,'COMMAND_ORDERMEDICINE','Заказать лекарства',0),(196,'COMMAND_LANGUAGE','Изменение языка',0),(197,'COMMAND_CARDCREATE','Создание карты',0),(198,'COMMAND_SELECT_ONLINE_ORDER','Просмотр онлайн-заказов',0),(199,'COMMAND_SELECT_ORDER_FROM_RESERVE','Просмотр онлайн-заказов из резерва',0),(200,'COMMAND_PROCESS_ELECTRONIC_PRESCRIPTIONS','Просмотр электронных рецептов',0),(201,'COMMAND_PRICELIST','Показать прайс-лист',0),(202,'COMMAND_QRDTEST','Тест QR-дисплея',0),(203,'COMMAND_CUSTOMER_INN','Добавить ИНН покупателя',0),(204,'COMMAND_ONLINECHECK_REVIEW','Согласование онлайн-чека',0),(205,'COMMAND_REPLACE_GOODS_ITEM','Замена товара в онлайн-чеке',0),(206,'COMMAND_PRINT_REPORTCOPY','Печать копии отчета',0),(207,'COMMAND_CASHADVANCE','Выдача наличных',0),(208,'COMMAND_PROCESSING_REGSTATICQR','Регистрация кассовой ссылки',0),(209,'COMMAND_CONNECT_TAP','Постановка на кран',0),(210,'COMMAND_DISCONNECT_TAP','Отключение от крана',0),(211,'COMMAND_DRAFTBEER_REMAINS','Просмотр остатков пива',0);

--
-- Dumping data for table `command2`
--


--
-- Dumping data for table `commission1`
--


--
-- Dumping data for table `commission2`
--


--
-- Dumping data for table `consultant1`
--


--
-- Dumping data for table `consultant2`
--


--
-- Dumping data for table `correctionreason1`
--


--
-- Dumping data for table `correctionreason2`
--


--
-- Dumping data for table `country1`
--


--
-- Dumping data for table `country2`
--


--
-- Dumping data for table `defcode1`
--


--
-- Dumping data for table `defcode2`
--


--
-- Dumping data for table `dept1`
--

REPLACE INTO `dept1` (`code`, `name`, `bcode`, `vatcode1`, `vatcode2`, `vatcode3`, `vatcode4`, `vatcode5`, `mode1`, `mode2`, `pricetype`, `sum_limit`, `idclient`, `documentprefix`, `merchantid`) VALUES (1,'Отдел 1',NULL,NULL,NULL,NULL,NULL,NULL,NULL,NULL,NULL,NULL,NULL,NULL,NULL),(2,'Отдел 2',NULL,NULL,NULL,NULL,NULL,NULL,NULL,NULL,NULL,NULL,NULL,NULL,NULL);

--
-- Dumping data for table `dept2`
--


--
-- Dumping data for table `disccard1`
--


--
-- Dumping data for table `disccard2`
--


--
-- Dumping data for table `disccardaccumulate1`
--


--
-- Dumping data for table `disccardaccumulate2`
--


--
-- Dumping data for table `discountsauto1`
--


--
-- Dumping data for table `discountsauto2`
--


--
-- Dumping data for table `discountsfixed1`
--


--
-- Dumping data for table `discountsfixed2`
--


--
-- Dumping data for table `discountsystem1`
--

REPLACE INTO `discountsystem1` (`discsystem`, `name`, `discountsystemid`, `bonusearnsystem`, `bonuslimitsystem`, `update_time`, `seconddiscsystem`) VALUES ('&id002 !!python/object:artixds.domain.DiscountCampaignGroup\nchildGroups: []\ndiscountCampaigns:\n- &id001 !!python/object:artixds.domain.DiscountCampaign\n  active: true\n  beginBonusesDateCalculate: null\n  beginBonusesIntervalCondition: null\n  beginBonusesIntervalMetric: null\n  beginBonusesIntervalValue: 0\n  beginDate: 2024-01-01\n  beginDateWithBeginCurrentMetric: null\n  beginDateWithBeginNextMetric: null\n  beginRangeDate: null\n  beginTime: null\n  checkedTags: null\n  daysOfWeek: []\n  discounts:\n  - !!python/object:artixds.domain.Discount\n    active: true\n    campaign: *id001\n    cashText: null\n    clientDisplayText: null\n    clientText: null\n    conditions:\n    - !!python/object:artixds.domain.DiscountCondition\n      condition: !!python/unicode \'check[\"sumb\"] >  100.00\'\n      definition: !!python/unicode \'check[\"sumb\"] >  ${..}\'\n      description: \"\\u0418\\u0442\\u043E\\u0433\\u043E\\u0432\\u0430\\u044F \\u0441\\u0443\\u043C\\\n        \\u043C\\u0430 \\u0434\\u043E\\u043A\\u0443\\u043C\\u0435\\u043D\\u0442\\u0430 \\u0441\\\n        \\ \\u0443\\u0447\\u0435\\u0442\\u043E\\u043C \\u0441\\u043A\\u0438\\u0434\\u043E\\u043A\\\n        \\ \\u0431\\u043E\\u043B\\u044C\\u0448\\u0435 100.00 \"\n      specification: \"\\u0418\\u0442\\u043E\\u0433\\u043E\\u0432\\u0430\\u044F \\u0441\\u0443\\\n        \\u043C\\u043C\\u0430 \\u0434\\u043E\\u043A\\u0443\\u043C\\u0435\\u043D\\u0442\\u0430\\\n        \\ \\u0441 \\u0443\\u0447\\u0435\\u0442\\u043E\\u043C \\u0441\\u043A\\u0438\\u0434\\u043E\\\n        \\u043A \\u0431\\u043E\\u043B\\u044C\\u0448\\u0435 [..]\"\n      templateValues:\n      - {defaultValue: !!python/unicode \'100.00\', label: \"\\u0418\\u0442\\u043E\\u0433\\\n          \\u043E\\u0432\\u0430\\u044F \\u0441\\u0443\\u043C\\u043C\\u0430\", type: !!python/unicode \'double\'}\n    counters: []\n    coupons: []\n    discountRate: !!python/object:artixds.domain.SumDiscountRate {type: sum, value: 5.0}\n    gifts: []\n    id: 3\n    minPriceIgnored: false\n    name: \"\\u0441\\u043A\\u0438\\u0434\\u043A\\u0430\"\n    objects:\n    - !!python/object:artixds.domain.CheckObject\n      data: {}\n    reports: []\n    showCashTextToConsultant: false\n  - !!python/object:artixds.domain.Discount\n    active: true\n    campaign: *id001\n    cashText: null\n    clientDisplayText: null\n    clientText: null\n    conditions:\n    - !!python/object:artixds.domain.DiscountCondition\n      condition: !!python/unicode \'object[\"tmc\"][\"code\"] == u\"10\"\'\n      definition: !!python/unicode \'object[\"tmc\"][\"code\"] == u\"1\"\'\n      description: \"\\u041A\\u043E\\u0434 \\u0442\\u043E\\u0432\\u0430\\u0440\\u0430 \\u0440\\\n        \\u0430\\u0432\\u043D\\u043E u\\\"10\\\" \"\n      specification: \"\\u041A\\u043E\\u0434 \\u0442\\u043E\\u0432\\u0430\\u0440\\u0430 \\u0440\\\n        \\u0430\\u0432\\u043D\\u043E u\\\"1\\\"\"\n      templateValues: []\n    counters: []\n    coupons: []\n    discountRate: !!python/object:artixds.domain.PercentDiscountRate {type: percent,\n      value: 10.0}\n    gifts: []\n    id: 4\n    minPriceIgnored: false\n    name: \"\\u0441\\u043A\\u0438\\u0434\\u043A\\u0430 2\"\n    objects:\n    - !!python/object:artixds.domain.PositionObject\n      data: {}\n    reports: []\n    showCashTextToConsultant: false\n  - !!python/object:artixds.domain.Discount\n    active: true\n    campaign: *id001\n    cashText: null\n    clientDisplayText: null\n    clientText: null\n    conditions:\n    - !!python/object:artixds.domain.DiscountCondition\n      condition: !!python/unicode \'check[\"button\"] and check[\"button\"][\"code\"] ==\n        1\'\n      definition: !!python/unicode \'check[\"button\"][\"code\"] == ${..}\'\n      description: \"\\u041A\\u043E\\u0434 \\u0432\\u044B\\u0431\\u0440\\u0430\\u043D\\u043D\\u043E\\\n        \\u0439 \\u043A\\u043D\\u043E\\u043F\\u043A\\u0438 (\\u0441\\u043A\\u0438\\u0434\\u043A\\\n        \\u0430 \\u043D\\u0430 \\u0434\\u043E\\u043A\\u0443\\u043C\\u0435\\u043D\\u0442) \\u0440\\\n        \\u0430\\u0432\\u043D\\u043E 1 \"\n      specification: \"\\u041A\\u043E\\u0434 \\u0432\\u044B\\u0431\\u0440\\u0430\\u043D\\u043D\\\n        \\u043E\\u0439 \\u043A\\u043D\\u043E\\u043F\\u043A\\u0438 (\\u0441\\u043A\\u0438\\u0434\\\n        \\u043A\\u0430 \\u043D\\u0430 \\u0434\\u043E\\u043A\\u0443\\u043C\\u0435\\u043D\\u0442\\\n        ) \\u0440\\u0430\\u0432\\u043D\\u043E [..]\"\n      templateValues:\n      - {defaultValue: !!python/unicode \'1\', label: \"\\u041A\\u043E\\u0434\", type: !!python/unicode \'int\'}\n    counters: []\n    coupons: []\n    discountRate: !!python/object:artixds.domain.CalculateDiscountRate {type: !!python/unicode \'percent\',\n      value: !!python/unicode \'check[\"button\"][\"inputvalue\"]\'}\n    gifts: []\n    id: 5\n    minPriceIgnored: false\n    name: \"\\u0441\\u043A\\u0438\\u0434\\u043A\\u0430 3\"\n    objects:\n    - !!python/object:artixds.domain.CheckObject\n      data: {}\n    reports: []\n    showCashTextToConsultant: false\n  endBonusesDateCalculate: null\n  endBonusesIntervalCondition: null\n  endBonusesIntervalMetric: null\n  endBonusesIntervalValue: 30\n  endDate: 2040-06-01\n  endRangeDate: null\n  endTime: null\n  id: 1\n  interactionType: all\n  labels: null\n  manualActivate: false\n  name: \"\\u0421\\u043A\\u0438\\u0434\\u043A\\u0438\"\n  parent: *id002\n  parentGroup: null\n  priority: null\n  qualifiers: !!set {}\n  tagsIsAllowed: false\n  weight: null\n- &id003 !!python/object:artixds.domain.DiscountCampaign\n  active: true\n  beginBonusesDateCalculate: null\n  beginBonusesIntervalCondition: null\n  beginBonusesIntervalMetric: null\n  beginBonusesIntervalValue: 0\n  beginDate: null\n  beginDateWithBeginCurrentMetric: null\n  beginDateWithBeginNextMetric: null\n  beginRangeDate: null\n  beginTime: null\n  checkedTags: null\n  daysOfWeek: []\n  discounts:\n  - !!python/object:artixds.domain.Discount\n    active: true\n    campaign: *id003\n    cashText: null\n    clientDisplayText: null\n    clientText: null\n    conditions: []\n    counters: []\n    coupons: []\n    discountRate: !!python/object:artixds.domain.PercentDiscountRate {type: percent,\n      value: 10.0}\n    gifts: []\n    id: 10\n    minPriceIgnored: false\n    name: \"\\u0420\\u0443\\u0447\\u043D\\u0430\\u044F \\u0441\\u043A\\u0438\\u0434\\u043A\\u0430\\\n      \\ \\u043D\\u0430 \\u0447\\u0435\\u043A\"\n    objects:\n    - !!python/object:artixds.domain.CheckObject\n      data: {}\n    reports: []\n    showCashTextToConsultant: false\n  endBonusesDateCalculate: null\n  endBonusesIntervalCondition: null\n  endBonusesIntervalMetric: null\n  endBonusesIntervalValue: 30\n  endDate: null\n  endRangeDate: null\n  endTime: null\n  id: 6\n  interactionType: all\n  labels: null\n  manualActivate: true\n  name: \"\\u0420\\u0443\\u0447\\u043D\\u0430\\u044F \\u0441\\u043A\\u0438\\u0434\\u043A\\u0430\"\n  parent: *id002\n  parentGroup: null\n  priority: null\n  qualifiers: !!set {}\n  tagsIsAllowed: false\n  weight: null\nid: 0\ninteractionType: all\nname: !!python/unicode \'all\'\nparent: null\nparentGroup: null\npriority: null\nversion: !!python/unicode \'2.1\'\n',NULL,1,'&id002 !!python/object:artixds.domain.DiscountCampaignGroup\nchildGroups: []\ndiscountCampaigns:\n- &id001 !!python/object:artixds.domain.DiscountCampaign\n  active: true\n  beginBonusesDateCalculate: null\n  beginBonusesIntervalCondition: !!python/unicode \'not_set\'\n  beginBonusesIntervalMetric: !!python/unicode \'day\'\n  beginBonusesIntervalValue: 0\n  beginDate: null\n  beginDateWithBeginCurrentMetric: !!python/unicode \'day\'\n  beginDateWithBeginNextMetric: !!python/unicode \'day\'\n  beginRangeDate: 2021-04-23\n  beginTime: null\n  checkedTags: null\n  daysOfWeek: []\n  discounts:\n  - !!python/object:artixds.domain.Discount\n    active: true\n    campaign: *id001\n    cashText: null\n    clientDisplayText: null\n    clientText: null\n    conditions:\n    - !!python/object:artixds.domain.DiscountCardCondition\n      condition: !!python/unicode \'True\'\n      definition: null\n      description: \"\\u041F\\u0440\\u0438\\u043C\\u0435\\u043D\\u0435\\u043D\\u0430 \\u043A\\u0430\\\n        \\u0440\\u0442\\u0430\"\n      specification: null\n      templateValues: []\n    counters: []\n    coupons: []\n    discountRate: !!python/object:artixds.domain.PercentDiscountRate {type: percent,\n      value: 5.0}\n    gifts: []\n    id: 2\n    minPriceIgnored: false\n    name: \"\\u041D\\u043E\\u0432\\u043E\\u0435 \\u0438\\u043C\\u044F\"\n    objects:\n    - !!python/object:artixds.domain.CheckObject\n      data: {}\n    showCashTextToConsultant: null\n  - !!python/object:artixds.domain.Discount\n    active: true\n    campaign: *id001\n    cashText: null\n    clientDisplayText: null\n    clientText: null\n    conditions:\n    - !!python/object:artixds.domain.DiscountCardCondition\n      condition: !!python/unicode \'True\'\n      definition: null\n      description: \"\\u041F\\u0440\\u0438\\u043C\\u0435\\u043D\\u0435\\u043D\\u0430 \\u043A\\u0430\\\n        \\u0440\\u0442\\u0430\"\n      specification: null\n      templateValues: []\n    - !!python/object:artixds.domain.DiscountCondition\n      condition: !!python/unicode \'object[\"tmc\"][\"code\"] == u\"100\"\'\n      definition: !!python/unicode \'object[\"tmc\"][\"code\"] == ${..}\'\n      description: \"\\u041A\\u043E\\u0434 \\u0442\\u043E\\u0432\\u0430\\u0440\\u0430 \\u0440\\\n        \\u0430\\u0432\\u043D\\u043E u\\\"100\\\" \"\n      specification: \"\\u041A\\u043E\\u0434 \\u0442\\u043E\\u0432\\u0430\\u0440\\u0430 \\u0440\\\n        \\u0430\\u0432\\u043D\\u043E [..]\"\n      templateValues:\n      - {defaultValue: !!python/unicode \'100\', label: \"\\u041A\\u043E\\u0434\", type: !!python/unicode \'code\'}\n    counters: []\n    coupons: []\n    discountRate: !!python/object:artixds.domain.PercentDiscountRate {type: percent,\n      value: 10.0}\n    gifts: []\n    id: 3\n    minPriceIgnored: false\n    name: \"\\u041D\\u043E\\u0432\\u043E\\u0435 \\u0438\\u043C\\u044F\"\n    objects:\n    - !!python/object:artixds.domain.PositionObject\n      data: {}\n    showCashTextToConsultant: null\n  endBonusesDateCalculate: null\n  endBonusesIntervalCondition: !!python/unicode \'not_set\'\n  endBonusesIntervalMetric: !!python/unicode \'day\'\n  endBonusesIntervalValue: 30\n  endDate: null\n  endRangeDate: 2021-04-24\n  endTime: null\n  id: 1\n  interactionType: all\n  labels: null\n  manualActivate: null\n  name: \"\\u041D\\u0430\\u0447\\u0438\\u0441\\u043B\\u0435\\u043D\\u0438\\u0435\"\n  parent: *id002\n  parentGroup: null\n  priority: null\n  qualifiers: !!set {}\n  tagsIsAllowed: false\n  weight: null\nid: 0\ninteractionType: all\nname: !!python/unicode \'bonusall\'\nparent: null\nparentGroup: null\npriority: null\nversion: !!python/unicode \'2.1\'\n',NULL,'2024-06-26 14:27:31',NULL);

--
-- Dumping data for table `discountsystem2`
--


--
-- Dumping data for table `excisemarkwhite1`
--


--
-- Dumping data for table `excisemarkwhite2`
--


--
-- Dumping data for table `extendedparameter1`
--


--
-- Dumping data for table `extendedparameter2`
--


--
-- Dumping data for table `goodstimerestrict1`
--


--
-- Dumping data for table `goodstimerestrict2`
--


--
-- Dumping data for table `groups1`
--


--
-- Dumping data for table `groups2`
--


--
-- Dumping data for table `hotkey1`
--

REPLACE INTO `hotkey1` (`hotkeycode`, `hotkeyname`, `bybarcode`) VALUES (1,'Горячая клавиша №1 (средний пакет)',0),(2,'Горячая клавиша №2 (большой пакет)',0);

--
-- Dumping data for table `hotkey2`
--


--
-- Dumping data for table `hotkeyinvent1`
--

REPLACE INTO `hotkeyinvent1` (`hotkeyinventid`, `inventcode`, `hotkeycode`) VALUES (1,'10344',1),(2,'10345',2);

--
-- Dumping data for table `hotkeyinvent2`
--


--
-- Dumping data for table `kbkey1`
--

REPLACE INTO `kbkey1` (`keycode`, `cmactioncode`, `keyvalue`, `context`) VALUES (13,122,'Enter','receiptforming'),(13,87,'Enter','receiptpayment'),(13,11,'Enter','receiptview'),(86,37,'SHIFT+V','allcontext'),(99,276,'C','receiptforming'),(100,92,'D','allcontext'),(109,189,'M','allcontext'),(111,237,'O','receiptforming'),(112,116,'P','allcontext'),(114,117,'R','receiptforming'),(115,242,'S','receiptforming'),(120,275,'X','receiptforming'),(122,274,'Z','receiptforming'),(265,113,'F1','allcontext'),(266,268,'F2','receiptforming'),(267,15,'F3','allcontext'),(268,16,'F4','allcontext'),(269,30,'F5','receiptforming'),(270,22,'F6','receiptforming'),(271,3,'F7','allcontext'),(272,50,'F8','receiptforming'),(273,9,'F9','allcontext'),(274,10,'F10','allcontext'),(275,33,'F11','allcontext'),(276,35,'F12','allcontext'),(276,101,'F12','receiptforming'),(277,247,'SHIFT+F1','receiptforming'),(278,226,'SHIFT+F2','receiptforming'),(279,265,'SHIFT+F3','receiptforming'),(280,208,'SHIFT+F4','receiptforming'),(281,24,'SHIFT+F5','allcontext'),(282,106,'SHIFT+F6','receiptforming'),(283,14,'SHIFT+F7','receiptforming'),(284,191,'SHIFT+F8','receiptpayment'),(285,18,'SHIFT+F9','allcontext'),(286,25,'SHIFT+F10','allcontext'),(287,2,'SHIFT+F11','allcontext'),(288,23,'SHIFT+F12','allcontext'),(289,112,'CTRL+F1','receiptforming'),(290,111,'CTRL+F2','receiptforming'),(291,193,'CTRL+F3','receiptforming'),(292,37,'CTRL+F4','receiptpayment'),(293,7,'CTRL+F5','receiptforming'),(294,8,'CTRL+F6','receiptforming'),(295,34,'CTRL+F7','allcontext'),(296,103,'CTRL+F8','receiptforming'),(297,29,'CTRL+F9','allcontext'),(298,192,'CTRL+F10','receiptforming'),(299,228,'CTRL+F11','receiptforming'),(300,246,'CTRL+F12','receiptforming');

--
-- Dumping data for table `kbkey2`
--


--
-- Dumping data for table `kit1`
--


--
-- Dumping data for table `kit2`
--


--
-- Dumping data for table `kitdisc1`
--


--
-- Dumping data for table `kitdisc2`
--


--
-- Dumping data for table `kitgoods1`
--


--
-- Dumping data for table `kitgoods2`
--


--
-- Dumping data for table `macro1`
--

REPLACE INTO `macro1` (`macrocode`, `macroname`) VALUES (1,'Закрытие смены'),(2,'Почековая выгрузка');

--
-- Dumping data for table `macro2`
--


--
-- Dumping data for table `macroparameters1`
--

REPLACE INTO `macroparameters1` (`macroparametercode`, `macroparameterorder`, `cmactioncode`, `macrocode`) VALUES (1,10,79,1),(2,20,63,1),(3,30,74,1),(4,40,133,1),(5,50,78,1),(7,1,49,2);

--
-- Dumping data for table `macroparameters2`
--


--
-- Dumping data for table `medicine1`
--


--
-- Dumping data for table `medicine2`
--


--
-- Dumping data for table `menu1`
--

REPLACE INTO `menu1` (`menucode`, `menuname`) VALUES (1,'Главное меню'),(6,'Операции с деньгами'),(10,'Отчеты'),(13,'Документы'),(14,'Сверка итогов'),(15,'Сервис'),(16,'Завершение работы'),(17,'Тест оборудования'),(18,'Боковая панель');

--
-- Dumping data for table `menu2`
--


--
-- Dumping data for table `menuitem1`
--

REPLACE INTO `menuitem1` (`menuitemcode`, `menuitemorder`, `cmactioncode`, `menucode`) VALUES (1,1,6,1),(2,2,55,1),(3,4,182,1),(4,5,3,1),(5,6,60,1),(6,7,185,1),(7,8,183,1),(8,9,68,1),(9,10,199,1),(10,1,53,6),(11,2,54,6),(12,3,115,6),(13,4,56,6),(20,1,59,13),(21,2,23,13),(22,3,24,13),(23,4,225,13),(24,5,271,13),(25,6,106,13),(26,7,229,13),(27,8,230,13),(28,9,56,13),(31,1,65,10),(32,2,62,10),(33,3,75,10),(34,4,64,10),(35,5,76,10),(36,6,204,10),(37,7,222,10),(38,8,231,10),(39,9,205,10),(40,10,56,10),(51,1,210,15),(52,2,186,15),(53,3,187,15),(54,4,221,15),(55,5,267,15),(56,6,190,15),(57,7,56,15),(61,1,69,17),(62,2,70,17),(63,3,71,17),(64,4,215,17),(65,5,257,17),(66,6,72,17),(67,7,56,17),(71,1,79,14),(72,2,184,14),(73,3,266,14),(74,4,56,14),(81,1,203,16),(82,2,201,16),(83,3,202,16),(84,4,200,16),(89,2,278,17),(90,3,2,18),(91,1,3,18);

--
-- Dumping data for table `menuitem2`
--


--
-- Dumping data for table `migrate_version`
--

REPLACE INTO `migrate_version` (`repository_id`, `repository_path`, `version`) VALUES ('Artix Dictionaries','dictionaries',163);

--
-- Dumping data for table `mol2`
--


--
-- Dumping data for table `molaccess1`
--


--
-- Dumping data for table `molaccess2`
--


--
-- Dumping data for table `mop1`
--


--
-- Dumping data for table `mop2`
--


--
-- Dumping data for table `op1`
--


--
-- Dumping data for table `op2`
--


--
-- Dumping data for table `option1`
--


--
-- Dumping data for table `option2`
--


--
-- Dumping data for table `organization1`
--


--
-- Dumping data for table `organization2`
--


--
-- Dumping data for table `payforbiddance1`
--


--
-- Dumping data for table `payforbiddance2`
--


--
-- Dumping data for table `picklist1`
--

REPLACE INTO `picklist1` (`code`, `name`, `image`, `parent`, `tmccode`, `itemorder`) VALUES ('1','ТОРТЫ','[BLOB]','14',NULL,1),('14','МОЛОЧНАЯ ПРОДУКЦИЯ','[BLOB]',NULL,NULL,5),('15','ЙОГУРТНЫЙ ПРОДУКТ КАМПИНА НЕЖНЫЙ АНАНАС 1.2% 100Г','[BLOB]','14','1007',15),('16','КЕФИР БМК 1% 400МЛ П/П','[BLOB]','14','10183',16),('17','КЕФИР БМК 2.5% 400Г П/П','[BLOB]','14','10186',17),('18','КЕФИР БМК 2.5% 900Г П/П','[BLOB]','14','10219',18),('19','МАСЛО СЛИВОЧНОЕ ЛАКТ КРЕСТЬЯНСКОЕ 72.5% 400Г','[BLOB]','14','10206',19),('2','ТОРТ АЛБИС МАЭСТРО 800Г','[BLOB]\[BLOB]\[BLOB]\[BLOB]\[BLOB]\[BLOB]','1','10068',2),('20','МОЛОЧНЫЙ ДЕСЕРТ ДАНОН ДАНИССИМО С ТВОРОЖНЫМ КРЕМОМ ВИШНЯ 130Г','[BLOB]','14','102',20),('21','МОЛОЧНЫЙ ДЕСЕРТ ДАНОН ДАНИССИМО С ТВОРОЖНЫМ КРЕМОМ ЧЕРНИКА 130Г','[BLOB]','14','105',21),('22','СЫР ПЛАВЛЕНЫЙ АЛДЕС БЕКОН 200Г','[BLOB]','14','10590',22),